{"id":169,"date":"2018-10-03T20:38:39","date_gmt":"2018-10-03T20:38:39","guid":{"rendered":"http:\/\/kerstinglathe.de\/?page_id=169"},"modified":"2018-10-03T20:38:39","modified_gmt":"2018-10-03T20:38:39","slug":"vormundschaften","status":"publish","type":"page","link":"https:\/\/kerstinglathe.de\/?page_id=169","title":{"rendered":"Vormundschaften"},"content":{"rendered":"<p>Im Jahr 200 \u00fcbernahm ich die Vormundschaften f\u00fcr zwei unbegleitete minderj\u00e4hrige Fl\u00fcchtlinge. Bis heute sind sie Teil unserer Familie.<\/p>\n<div id='gallery-1' class='gallery galleryid-169 gallery-columns-3 gallery-size-thumbnail'><figure class='gallery-item'>\n\t\t\t<div class='gallery-icon portrait'>\n\t\t\t\t<a href='https:\/\/kerstinglathe.de\/?attachment_id=160'><img loading=\"lazy\" decoding=\"async\" width=\"150\" height=\"150\" src=\"https:\/\/kerstinglathe.de\/wp-content\/uploads\/2018\/10\/IMG_4194-150x150.jpg\" class=\"attachment-thumbnail size-thumbnail\" alt=\"\" aria-describedby=\"gallery-1-160\" srcset=\"https:\/\/kerstinglathe.de\/wp-content\/uploads\/2018\/10\/IMG_4194-150x150.jpg 150w, https:\/\/kerstinglathe.de\/wp-content\/uploads\/2018\/10\/IMG_4194-1200x1200.jpg 1200w, https:\/\/kerstinglathe.de\/wp-content\/uploads\/2018\/10\/IMG_4194-100x100.jpg 100w\" sizes=\"auto, 100vw\" \/><\/a>\n\t\t\t<\/div>\n\t\t\t\t<figcaption class='wp-caption-text gallery-caption' id='gallery-1-160'>\n\t\t\t\tDanina im Tanzkost\u00fcm\n\t\t\t\t<\/figcaption><\/figure><figure class='gallery-item'>\n\t\t\t<div class='gallery-icon portrait'>\n\t\t\t\t<a href='https:\/\/kerstinglathe.de\/?attachment_id=157'><img loading=\"lazy\" decoding=\"async\" width=\"150\" height=\"150\" src=\"https:\/\/kerstinglathe.de\/wp-content\/uploads\/2018\/10\/IMG_3760-e1538598419139-150x150.jpg\" class=\"attachment-thumbnail size-thumbnail\" alt=\"\" aria-describedby=\"gallery-1-157\" srcset=\"https:\/\/kerstinglathe.de\/wp-content\/uploads\/2018\/10\/IMG_3760-e1538598419139-150x150.jpg 150w, https:\/\/kerstinglathe.de\/wp-content\/uploads\/2018\/10\/IMG_3760-e1538598419139-100x100.jpg 100w\" sizes=\"auto, 100vw\" \/><\/a>\n\t\t\t<\/div>\n\t\t\t\t<figcaption class='wp-caption-text gallery-caption' id='gallery-1-157'>\n\t\t\t\tDanina lernt Geigenspielen\n\t\t\t\t<\/figcaption><\/figure><figure class='gallery-item'>\n\t\t\t<div class='gallery-icon portrait'>\n\t\t\t\t<a href='https:\/\/kerstinglathe.de\/?attachment_id=156'><img loading=\"lazy\" decoding=\"async\" width=\"150\" height=\"150\" src=\"https:\/\/kerstinglathe.de\/wp-content\/uploads\/2018\/10\/IMG_0266-e1538598450795-150x150.jpg\" class=\"attachment-thumbnail size-thumbnail\" alt=\"\" aria-describedby=\"gallery-1-156\" srcset=\"https:\/\/kerstinglathe.de\/wp-content\/uploads\/2018\/10\/IMG_0266-e1538598450795-150x150.jpg 150w, https:\/\/kerstinglathe.de\/wp-content\/uploads\/2018\/10\/IMG_0266-e1538598450795-100x100.jpg 100w\" sizes=\"auto, 100vw\" \/><\/a>\n\t\t\t<\/div>\n\t\t\t\t<figcaption class='wp-caption-text gallery-caption' id='gallery-1-156'>\n\t\t\t\tDaninas Geburtstag\n\t\t\t\t<\/figcaption><\/figure><figure class='gallery-item'>\n\t\t\t<div class='gallery-icon landscape'>\n\t\t\t\t<a href='https:\/\/kerstinglathe.de\/?attachment_id=155'><img loading=\"lazy\" decoding=\"async\" width=\"150\" height=\"150\" src=\"https:\/\/kerstinglathe.de\/wp-content\/uploads\/2018\/10\/IMG_0249-150x150.jpg\" class=\"attachment-thumbnail size-thumbnail\" alt=\"\" aria-describedby=\"gallery-1-155\" srcset=\"https:\/\/kerstinglathe.de\/wp-content\/uploads\/2018\/10\/IMG_0249-150x150.jpg 150w, https:\/\/kerstinglathe.de\/wp-content\/uploads\/2018\/10\/IMG_0249-100x100.jpg 100w\" sizes=\"auto, 100vw\" \/><\/a>\n\t\t\t<\/div>\n\t\t\t\t<figcaption class='wp-caption-text gallery-caption' id='gallery-1-155'>\n\t\t\t\tIbrahim und Familie\n\t\t\t\t<\/figcaption><\/figure>\n\t\t<\/div>\n\n<p>Aus den Kindern wurden Eltern. Meihua hat drei Kinder und Ibrahim eine Tochter. Es ist eine Freude sie aufwachsen zu sehen.<\/p>\n","protected":false},"excerpt":{"rendered":"<p>Im Jahr 200 \u00fcbernahm ich die Vormundschaften f\u00fcr zwei unbegleitete minderj\u00e4hrige Fl\u00fcchtlinge. Bis heute sind sie Teil unserer Familie. Aus den Kindern wurden Eltern. Meihua hat drei Kinder und Ibrahim eine Tochter. Es ist eine Freude sie aufwachsen zu sehen.<\/p>\n","protected":false},"author":1,"featured_media":0,"parent":0,"menu_order":0,"comment_status":"closed","ping_status":"closed","template":"","meta":{"footnotes":""},"class_list":["post-169","page","type-page","status-publish","hentry"],"_links":{"self":[{"href":"https:\/\/kerstinglathe.de\/index.php?rest_route=\/wp\/v2\/pages\/169","targetHints":{"allow":["GET"]}}],"collection":[{"href":"https:\/\/kerstinglathe.de\/index.php?rest_route=\/wp\/v2\/pages"}],"about":[{"href":"https:\/\/kerstinglathe.de\/index.php?rest_route=\/wp\/v2\/types\/page"}],"author":[{"embeddable":true,"href":"https:\/\/kerstinglathe.de\/index.php?rest_route=\/wp\/v2\/users\/1"}],"replies":[{"embeddable":true,"href":"https:\/\/kerstinglathe.de\/index.php?rest_route=%2Fwp%2Fv2%2Fcomments&post=169"}],"version-history":[{"count":1,"href":"https:\/\/kerstinglathe.de\/index.php?rest_route=\/wp\/v2\/pages\/169\/revisions"}],"predecessor-version":[{"id":170,"href":"https:\/\/kerstinglathe.de\/index.php?rest_route=\/wp\/v2\/pages\/169\/revisions\/170"}],"wp:attachment":[{"href":"https:\/\/kerstinglathe.de\/index.php?rest_route=%2Fwp%2Fv2%2Fmedia&parent=169"}],"curies":[{"name":"wp","href":"https:\/\/api.w.org\/{rel}","templated":true}]}}